{"id":58,"date":"2020-10-29T19:55:04","date_gmt":"2020-10-29T19:55:04","guid":{"rendered":"http:\/\/hstis.hr\/?page_id=58"},"modified":"2020-11-12T21:00:13","modified_gmt":"2020-11-12T21:00:13","slug":"o-nama","status":"publish","type":"page","link":"https:\/\/hstis.hr\/index.php\/o-nama\/","title":{"rendered":"O Nama"},"content":{"rendered":"\t\t<div data-elementor-type=\"wp-page\" data-elementor-id=\"58\" class=\"elementor elementor-58\" data-elementor-settings=\"[]\">\n\t\t\t\t\t\t<div class=\"elementor-inner\">\n\t\t\t\t\t\t\t<div class=\"elementor-section-wrap\">\n\t\t\t\t\t\t\t<section class=\"elementor-section elementor-top-section elementor-element elementor-element-0625535 elementor-section-boxed elementor-section-height-default elementor-section-height-default elementor-invisible\" data-id=\"0625535\" data-element_type=\"section\" data-settings=\"{&quot;animation&quot;:&quot;fadeInUp&quot;}\">\n\t\t\t\t\t\t<div class=\"elementor-container elementor-column-gap-extended\">\n\t\t\t\t\t\t\t<div class=\"elementor-row\">\n\t\t\t\t\t<div class=\"elementor-column elementor-col-50 elementor-top-column elementor-element elementor-element-744f3f0\" data-id=\"744f3f0\" data-element_type=\"column\" data-settings=\"{&quot;background_background&quot;:&quot;classic&quot;}\">\n\t\t\t<div class=\"elementor-column-wrap elementor-element-populated\">\n\t\t\t\t\t\t\t<div class=\"elementor-widget-wrap\">\n\t\t\t\t\t\t<div class=\"elementor-element elementor-element-bd225c2 elementor-widget elementor-widget-text-editor\" data-id=\"bd225c2\" data-element_type=\"widget\" data-widget_type=\"text-editor.default\">\n\t\t\t\t<div class=\"elementor-widget-container\">\n\t\t\t\t\t<div class=\"elementor-text-editor elementor-clearfix\"><p>Hrvatski Savez Tradicijskih Igara i Sportova (HSTIS)<\/p><\/div>\n\t\t\t\t<\/div>\n\t\t\t\t<\/div>\n\t\t\t\t\t\t<\/div>\n\t\t\t\t\t<\/div>\n\t\t<\/div>\n\t\t\t\t<div class=\"elementor-column elementor-col-50 elementor-top-column elementor-element elementor-element-3e94bc9\" data-id=\"3e94bc9\" data-element_type=\"column\">\n\t\t\t<div class=\"elementor-column-wrap elementor-element-populated\">\n\t\t\t\t\t\t\t<div class=\"elementor-widget-wrap\">\n\t\t\t\t\t\t<div class=\"elementor-element elementor-element-4779cd7 elementor-widget elementor-widget-text-editor\" data-id=\"4779cd7\" data-element_type=\"widget\" data-widget_type=\"text-editor.default\">\n\t\t\t\t<div class=\"elementor-widget-container\">\n\t\t\t\t\t<div class=\"elementor-text-editor elementor-clearfix\"><p>Hrvatski Savez Tradicijskih Igara i Sportova (HSTIS) je punopravni \u010dlan Europske Asocijacije Tradicijskih Igara i Sportova &#8211; AEJeST sa sjedi\u0161tem u Francuskoj.<\/p><p>Hrvatski Savez Tradicijskih Igara i Sportova (HSTIS) osnovan je na inicijativu Istarskog Pljo\u010dkarskog Saveza iz Svetvin\u010denta i Olimpijade starih \u0161portova iz Bro\u0111anaca.<\/p><p>Osnovan je 2019. godine a osniva\u010dki \u010dlanovi su:<br \/>Dru\u017eba vitezova zlatnog kale\u017ea iz Donje Stubice, Olimpijada starih \u0161portova iz Bro\u0111anaca i Pljo\u010dkarski Savez Hrvatske iz Svetvin\u010denta.<\/p><p>Namjera osniva\u010da je okupiti udruge sa podru\u010dja RH kojima je cilj i djelatnost njegovanje i promocija tradicijskih igara i sportova kao dijela nematerijalne kulturne ba\u0161tine Hrvatske radi zajedni\u010dkog predstavljanja pred institucijama RH i inozemstva, posebno Europe. Kao posebno va\u017ean cilj HSTIS-a je uvr\u0161tenje tradicijskih igara i sportova u nomenklaturu sportova pri HOO.<\/p><p>Osnovni ciljevi HSTIS-a prema Statutu, jesu:<\/p><ul><li>o\u010duvanje i promicanje tradicijskih igara i sportova &#8211; <strong><em>TIS<\/em><\/strong>,<\/li><li>\u0161irenje aktivnosti <strong><em>TIS <\/em><\/strong>osobito kod djece i mlade\u017ei,<\/li><li>razvijanje i promicanje me\u0111usobne suradnje udru\u017eenih \u010dlanica,<\/li><li>ostvarivanje me\u0111unarodnih veza i suradnje na podru\u010dju <strong><em>TIS<\/em><\/strong>,<\/li><li>promicanje odgojnih zada\u0107a u sportu u duhu fair-play-a, razumijevanje, tolerancija i odgovornosti kroz \u00a0bavljenje <strong><em>TIS<\/em><\/strong>,<\/li><li>promicanje olimpijskih ideala.<\/li><li>skrb o <strong><em>TIS <\/em><\/strong>kao dijelu nematerijalne kulturne ba\u0161tine Republike Hrvatske.<\/li><\/ul><\/div>\n\t\t\t\t<\/div>\n\t\t\t\t<\/div>\n\t\t\t\t\t\t<\/div>\n\t\t\t\t\t<\/div>\n\t\t<\/div>\n\t\t\t\t\t\t\t\t<\/div>\n\t\t\t\t\t<\/div>\n\t\t<\/section>\n\t\t\t\t<section class=\"elementor-section elementor-top-section elementor-element elementor-element-4dca688 elementor-section-boxed elementor-section-height-default elementor-section-height-default\" data-id=\"4dca688\" data-element_type=\"section\">\n\t\t\t\t\t\t<div class=\"elementor-container elementor-column-gap-default\">\n\t\t\t\t\t\t\t<div class=\"elementor-row\">\n\t\t\t\t\t<div class=\"elementor-column elementor-col-100 elementor-top-column elementor-element elementor-element-c7179e4\" data-id=\"c7179e4\" data-element_type=\"column\">\n\t\t\t<div class=\"elementor-column-wrap elementor-element-populated\">\n\t\t\t\t\t\t\t<div class=\"elementor-widget-wrap\">\n\t\t\t\t\t\t<div class=\"elementor-element elementor-element-3b912b6 elementor-widget elementor-widget-gallery\" data-id=\"3b912b6\" data-element_type=\"widget\" data-settings=\"{&quot;columns&quot;:2,&quot;gap&quot;:{&quot;unit&quot;:&quot;px&quot;,&quot;size&quot;:20,&quot;sizes&quot;:[]},&quot;lazyload&quot;:&quot;yes&quot;,&quot;gallery_layout&quot;:&quot;grid&quot;,&quot;columns_tablet&quot;:2,&quot;columns_mobile&quot;:1,&quot;gap_tablet&quot;:{&quot;unit&quot;:&quot;px&quot;,&quot;size&quot;:10,&quot;sizes&quot;:[]},&quot;gap_mobile&quot;:{&quot;unit&quot;:&quot;px&quot;,&quot;size&quot;:10,&quot;sizes&quot;:[]},&quot;link_to&quot;:&quot;file&quot;,&quot;aspect_ratio&quot;:&quot;3:2&quot;,&quot;overlay_background&quot;:&quot;yes&quot;,&quot;content_hover_animation&quot;:&quot;fade-in&quot;}\" data-widget_type=\"gallery.default\">\n\t\t\t\t<div class=\"elementor-widget-container\">\n\t\t\t\t\t<div class=\"elementor-gallery__container\">\n\t\t\t\t\t\t\t<a class=\"e-gallery-item elementor-gallery-item elementor-animated-content\" href=\"https:\/\/hstis.hr\/wp-content\/uploads\/2020\/11\/Foto2.jpg\" data-elementor-open-lightbox=\"yes\" data-elementor-lightbox-slideshow=\"all-3b912b6\" data-elementor-lightbox-title=\"Foto2\">\n\t\t\t\t\t<div class=\"e-gallery-image elementor-gallery-item__image\" data-thumbnail=\"https:\/\/hstis.hr\/wp-content\/uploads\/2020\/11\/Foto2-300x200.jpg\" data-width=\"300\" data-height=\"200\" alt=\"\" ><\/div>\n\t\t\t\t\t\t\t\t\t\t<div class=\"elementor-gallery-item__overlay\"><\/div>\n\t\t\t\t\t\t\t\t\t\t\t\t\t\t<\/a>\n\t\t\t\t\t\t\t<a class=\"e-gallery-item elementor-gallery-item elementor-animated-content\" href=\"https:\/\/hstis.hr\/wp-content\/uploads\/2020\/11\/Foto3.jpg\" data-elementor-open-lightbox=\"yes\" data-elementor-lightbox-slideshow=\"all-3b912b6\" data-elementor-lightbox-title=\"Foto3\">\n\t\t\t\t\t<div class=\"e-gallery-image elementor-gallery-item__image\" data-thumbnail=\"https:\/\/hstis.hr\/wp-content\/uploads\/2020\/11\/Foto3-300x200.jpg\" data-width=\"300\" data-height=\"200\" alt=\"\" ><\/div>\n\t\t\t\t\t\t\t\t\t\t<div class=\"elementor-gallery-item__overlay\"><\/div>\n\t\t\t\t\t\t\t\t\t\t\t\t\t\t<\/a>\n\t\t\t\t\t\t\t<a class=\"e-gallery-item elementor-gallery-item elementor-animated-content\" href=\"https:\/\/hstis.hr\/wp-content\/uploads\/2020\/11\/Foto51.jpg\" data-elementor-open-lightbox=\"yes\" data-elementor-lightbox-slideshow=\"all-3b912b6\" data-elementor-lightbox-title=\"Foto5(1)\">\n\t\t\t\t\t<div class=\"e-gallery-image elementor-gallery-item__image\" data-thumbnail=\"https:\/\/hstis.hr\/wp-content\/uploads\/2020\/11\/Foto51-300x200.jpg\" data-width=\"300\" data-height=\"200\" alt=\"\" ><\/div>\n\t\t\t\t\t\t\t\t\t\t<div class=\"elementor-gallery-item__overlay\"><\/div>\n\t\t\t\t\t\t\t\t\t\t\t\t\t\t<\/a>\n\t\t\t\t\t\t\t<a class=\"e-gallery-item elementor-gallery-item elementor-animated-content\" href=\"https:\/\/hstis.hr\/wp-content\/uploads\/2020\/11\/OS-Bale-2019.4.jpg\" data-elementor-open-lightbox=\"yes\" data-elementor-lightbox-slideshow=\"all-3b912b6\" data-elementor-lightbox-title=\"OS Bale 2019.4\">\n\t\t\t\t\t<div class=\"e-gallery-image elementor-gallery-item__image\" data-thumbnail=\"https:\/\/hstis.hr\/wp-content\/uploads\/2020\/11\/OS-Bale-2019.4-300x225.jpg\" data-width=\"300\" data-height=\"225\" alt=\"\" ><\/div>\n\t\t\t\t\t\t\t\t\t\t<div class=\"elementor-gallery-item__overlay\"><\/div>\n\t\t\t\t\t\t\t\t\t\t\t\t\t\t<\/a>\n\t\t\t\t\t<\/div>\n\t\t\t<\/div>\n\t\t\t\t<\/div>\n\t\t\t\t\t\t<\/div>\n\t\t\t\t\t<\/div>\n\t\t<\/div>\n\t\t\t\t\t\t\t\t<\/div>\n\t\t\t\t\t<\/div>\n\t\t<\/section>\n\t\t\t\t\t\t<\/div>\n\t\t\t\t\t\t<\/div>\n\t\t\t\t\t<\/div>\n\t\t","protected":false},"excerpt":{"rendered":"<p>Hrvatski Savez Tradicijskih Igara i Sportova (HSTIS) Hrvatski Savez Tradicijskih Igara i Sportova (HSTIS) je punopravni \u010dlan Europske Asocijacije Tradicijskih Igara i Sportova &#8211; AEJeST sa sjedi\u0161tem u Francuskoj. Hrvatski Savez Tradicijskih Igara i Sportova (HSTIS) osnovan je na inicijativu Istarskog Pljo\u010dkarskog Saveza iz Svetvin\u010denta i Olimpijade starih \u0161portova iz Bro\u0111anaca. Osnovan je 2019. godine [&hellip;]<\/p>\n","protected":false},"author":1,"featured_media":0,"parent":0,"menu_order":0,"comment_status":"closed","ping_status":"closed","template":"","meta":{"footnotes":""},"class_list":["post-58","page","type-page","status-publish","hentry","entry"],"_links":{"self":[{"href":"https:\/\/hstis.hr\/index.php\/wp-json\/wp\/v2\/pages\/58","targetHints":{"allow":["GET"]}}],"collection":[{"href":"https:\/\/hstis.hr\/index.php\/wp-json\/wp\/v2\/pages"}],"about":[{"href":"https:\/\/hstis.hr\/index.php\/wp-json\/wp\/v2\/types\/page"}],"author":[{"embeddable":true,"href":"https:\/\/hstis.hr\/index.php\/wp-json\/wp\/v2\/users\/1"}],"replies":[{"embeddable":true,"href":"https:\/\/hstis.hr\/index.php\/wp-json\/wp\/v2\/comments?post=58"}],"version-history":[{"count":38,"href":"https:\/\/hstis.hr\/index.php\/wp-json\/wp\/v2\/pages\/58\/revisions"}],"predecessor-version":[{"id":280,"href":"https:\/\/hstis.hr\/index.php\/wp-json\/wp\/v2\/pages\/58\/revisions\/280"}],"wp:attachment":[{"href":"https:\/\/hstis.hr\/index.php\/wp-json\/wp\/v2\/media?parent=58"}],"curies":[{"name":"wp","href":"https:\/\/api.w.org\/{rel}","templated":true}]}}